e 3, what is 20 + -1122000222?
-1122000202
In base 8, what is 6037 - 121?
5716
In base 6, what is 10 + 404402?
404412
In base 11, what is -254 + 343?
9a
In base 13, what is 34 + -5603?
-559c
In base 2, what is 1000110010110111011011 - -10?
1000110010110111011101
In base 4, what is 100030211012 + 0?
100030211012
In base 9, what is 2844 - -755?
3710
In base 8, what is -2517457 - 5?
-2517464
In base 7, what is -16 - 335061?
-335110
In base 5, what is -43212223 + 3?
-43212220
In base 10, what is -25203 - 16?
-25219
In base 7, what is -135 - -2022?
1554
In base 7, what is -3142062 + -2?
-3142064
In base 14, what is -3767b - -1?
-3767a
In base 15, what is -9dbc6 + 0?
-9dbc6
In base 4, what is 2 + 10031110?
10031112
In base 15, what is -1d92cb - 4?
-1d92d0
In base 11, what is 4 + 4819?
4822
In base 9, what is -400 + 60?
-330
In base 14, what is d46 + 72?
db8
In base 9, what is -25 - 307086?
-307122
In base 7, what is 121 + 1555?
2006
In base 13, what is 5c + 34c9?
3558
In base 2, what is -110011100001101 - -11111?
-110011011101110
In base 6, what is 35245102 + 1?
35245103
In base 15, what is -19 + -298?
-2b2
In base 15, what is 6c9 - -160?
839
In base 4, what is -10 + 31131303?
31131233
In base 3, what is 110102 + -20102012?
-12221210
In base 6, what is 33214 - -152?
33410
In base 10, what is 8853962 + -5?
8853957
In base 4, what is 13223212311 - 2?
13223212303
In base 12, what is 4b + 86?
115
In base 5, what is 1023011201 + 4?
1023011210
In base 13, what is 1 - 4364?
-4363
In base 13, what is 9 - 1785?
-1779
In base 8, what is 615756 - 11?
615745
In base 16, what is -41a - 30?
-44a
In base 7, what is -11 - -12515?
12504
In base 13, what is 9352 + -b?
9344
In base 15, what is -353 + 64?
-2de
In base 3, what is 10 - 2211010011?
-2211010001
In base 13, what is 129 - 1154?
-1028
In base 12, what is -43a50 - 5?
-43a55
In base 2, what is 100011 - -10110100?
11010111
In base 3, what is 20011102 - 1?
20011101
In base 9, what is 1 - 17600?
-17588
In base 14, what is 6 - -15a8b?
15a93
In base 2, what is -11000100000100 - -10111011?
-11000001001001
In base 5, what is 10 - 212212?
-212202
In base 9, what is 5 + 112876?
112882
In base 3, what is 1222 - 121201001?
-121122002
In base 10, what is 0 + 16736?
16736
In base 13, what is -11 - -199b?
198a
In base 13, what is 20a - -2b?
238
In base 15, what is -1667c1 + 5?
-1667bb
In base 15, what is -5e + 29d?
23e
In base 15, what is 237dd0 - 2?
237dcd
In base 16, what is 1968 + -27?
1941
In base 6, what is 2550 - -324?
3314
In base 12, what is 161 + 663?
804
In base 15, what is 1 - -738c3?
738c4
In base 9, what is -50 + -37?
-87
In base 3, what is 12201000 + -1012002?
11111221
In base 8, what is -226277 + 1?
-226276
In base 16, what is -1a + 7d?
63
In base 9, what is -1377 + 2311?
823
In base 8, what is 1244357 + 0?
1244357
In base 13, what is 79 - 5c?
1a
In base 8, what is 1243 - 25?
1216
In base 10, what is 125 - -12927?
13052
In base 6, what is -14215 - 31?
-14250
In base 8, what is -2715 - 204?
-3121
In base 11, what is 3397 + -20a?
3188
In base 16, what is -48a80 - -2?
-48a7e
In base 5, what is 1300 + 433233?
440033
In base 4, what is -1 + 32020110?
32020103
In base 15, what is -6 - -18e0?
18d9
In base 14, what is -1 - -1c8098?
1c8097
In base 2, what is 111001000011 + 110000?
111001110011
In base 15, what is 3 + -3191?
-318d
In base 2, what is 1 - -100110011101000111?
100110011101001000
In base 5, what is 3432 + 1204?
10141
In base 12, what is -b1 - 1b1?
-2a2
In base 10, what is -4 - 17954?
-17958
In base 4, what is -100300313 - -2?
-100300311
In base 14, what is -1 - 42c43?
-42c44
In base 9, what is -3 + 35168?
35165
In base 13, what is -48 + 646?
5cb
In base 11, what is 4a2a547 - 3?
4a2a544
In base 10, what is -17 + -114078?
-114095
In base 2, what is 10100110011 - -110?
10100111001
In base 15, what is 51 + -94c?
-8eb
In base 8, what is 0 + -1207755?
-1207755
In base 5, what is -104042442 + -10?
-104043002
In base 14, what is -3 + 2c060?
2c05b
In base 4, what is 3100203 - 13?
3100130
In base 5, what is -4 + 233210?
233201
In base 12, what is -2 + -1538?
-153a
In base 15, what is -7 + -ea8?
-eb0
In base 9, what is -5 + -13703?
-13708
In base 2, what is 100 + -1000110101000001?
-1000110100111101
In base 12, what is -1377a - 1?
-1377b
In base 3, what is -2102200202 + -2?
-2102200211
In base 15, what is 30c26 - -4?
30c2a
In base 2, what is -1111001001101000101 - 100?
-1111001001101001001
In base 4, what is 22303233032 - -2?
22303233100
In base 13, what is -1 + 142a5?
142a4
In base 8, what is 4 - -762117?
762123
In base 2, what is 110011001 + -1010001?
101001000
In base 10, what is -20297 - 5?
-20302
In base 7, what is 24556 + -16?
24540
In base 3, what is -101010202110020 - 0?
-101010202110020
In base 14, what is -1142d + -2?
-11431
In base 9, what is 87354 - 0?
87354
In base 13, what is 2 - 1149?
-1147
In base 6, what is -12 - -135235?
135223
In base 13, what is 52 + 19c7?
1a49
In base 4, what is -1 + -131323020?
-131323021
In base 9, what is -21 - -671?
650
In base 5, what is 2 + -103001323?
-103001321
In base 8, what is 27 + 4000?
4027
In base 14, what is 0 - -6a5?
6a5
In base 4, what is 102000 + 1033?
103033
In base 2, what is -11011 + 11110101?
11011010
In base 3, what is 2211200021 + 11?
2211200102
In base 2, what is -100000001011 - 1000010?
-100001001101
In base 13, what is -15 + 369?
354
In base 15, what is -12 + -17d8d?
-17da0
In base 10, what is 152929 - 2?
152927
In base 16, what is -10a + 11?
-f9
In base 2, what is 1 + -11000001011001?
-11000001011000
In base 3, what is -10110 + -2210120?
-2221000
In base 9, what is 2277 - -1073?
3361
In base 11, what is 83459 - 2?
83457
In base 2, what is 100110010000010 - -10?
100110010000100
In base 10, what is -16404 + 14?
-16390
In base 6, what is -304 - 215?
-523
In base 10, what is 2702 - -268?
2970
In base 8, what is -5230 - 5?
-5235
In base 11, what is 737 + -247?
4a0
In base 12, what is 355973 + -1?
355972
In base 3, what is 21100020 - 2200?
21020120
In base 6, what is -234 + 1100?
422
In base 4, what is -1120201 - 202?
-1121003
In base 12, what is -bb3 + -30?
-1023
In base 5, what is 10 + -1030040?
-1030030
In base 16, what is -225bd + -12?
-225cf
In base 8, what is 50462 - -24?
50506
In base 12, what is -4831 + 5?
-4828
In base 14, what is 0 + -33c1b1?
-33c1b1
In base 2, what is -101110110111111110011010 + -100?
-101110110111111110011110
In base 16, what is 13 + 13a?
14d
In base 9, what is -32417 - -8?
-32408
In base 13, what is -12 + 1442?
1430
In base 9, what is 30 + 23658?
23688
In base 13, what is -294a - -59?
-28c1
In base 2, what is 11 + 10101101111111001?
10101101111111100
In base 5, what is -3023311 - -40?
-3023221
In base 4, what is -1033032 - -2?
-1033030
In base 15, what is 57 - 1db?
-184
In base 5, what is 4000 - -104321?
113321
In base 5, what is 10 + -2304421?
-2304411
In base 3, what is -100 + -11212201?
-11220001
In base 3, what is 2111012112201 + -2?
2111012112122
In base 10, what is -40066 + -8?
-40074
In base 4, what is 2202313 + 3313?
2212232
In base 11, what is -825 + -122a?
-1a54
In base 3, what is -100002 + -1221110?
-2021112
In base 11, what is -116 + 5533?
5418
In base 7, what is -240 - -322?
52
In base 5, what is 33032443 - 0?
33032443
In base 6, what is -5 + 421410?
421401
In base 14, what is 2 + bd5?
bd7
In base 8, what is -3 + 106207?
106204
In base 4, what is 101010 - 1321?
33023
In base 8, what is -15505 - -71?
-15414
In base 9, what is 300 - 50?
240
In base 16, what is -1 - -1092d1?
1092d0
In base 16, what is -57a27 - -3?
-57a24
In base 7, what is -254 + -1435?
-2022
In base 3, what is 1010 - 201221012?
-201220002
In base 5, what is 142112 - 24?
142033
In base 4, what is 22 - 131303121?
-131303033
In base 8, what is 647 + -7366?
-6517
In base 12, what is b - -191506?
191515
In base 8, what is -1006 + 65?
-721
In base 16, what is -4 - -692ff?
692fb
In base 4, what is -30 + -2232332?
-2233022
In base 3, what is -21020 - 2201212?
-10000002
In base 15, what is 459781 + 5?
459786
In base 15, what is 957 - 23?
934
In base 16, what is 81 + -ed?
-6c
In base 8, what is 6005 + 1651?
7656
In base 11, what is -11104 + -7?
-11110
In base 5, what is 4412 - 242?
4120
In base 6, what is 1144 - 343?
401
In base 8, what is 6 + 16031?
16037
